{"id":11,"date":"2024-10-30T01:30:41","date_gmt":"2024-10-30T01:30:41","guid":{"rendered":"https:\/\/1989tv.taylorswift.com.br\/?page_id=11"},"modified":"2024-10-30T20:14:15","modified_gmt":"2024-10-30T20:14:15","slug":"home","status":"publish","type":"page","link":"https:\/\/1989tv.taylorswift.com.br\/","title":{"rendered":"Home"},"content":{"rendered":"\n<div class=\"wp-block-cover has-parallax Header\"><span aria-hidden=\"true\" class=\"wp-block-cover__background has-black-background-color has-background-dim-30 has-background-dim\"><\/span><div class=\"wp-block-cover__image-background wp-image-13 has-parallax\" style=\"background-position:50% 50%;background-image:url(https:\/\/1989tv.taylorswift.com.br\/wp-content\/uploads\/2024\/10\/banner-principal.png)\"><\/div><div class=\"wp-block-cover__inner-container is-layout-constrained wp-block-cover-is-layout-constrained\"><div class=\"wp-block-image wp-duotone-d8d8d8-ffffff-1\">\n<figure class=\"aligncenter size-full\"><img loading=\"lazy\" decoding=\"async\" width=\"800\" height=\"510\" src=\"https:\/\/1989tv.taylorswift.com.br\/wp-content\/uploads\/2024\/10\/1989_Taylors_Version_Icon.webp.png\" alt=\"\" class=\"wp-image-12\" srcset=\"https:\/\/1989tv.taylorswift.com.br\/wp-content\/uploads\/2024\/10\/1989_Taylors_Version_Icon.webp.png 800w, https:\/\/1989tv.taylorswift.com.br\/wp-content\/uploads\/2024\/10\/1989_Taylors_Version_Icon.webp-300x191.png 300w, https:\/\/1989tv.taylorswift.com.br\/wp-content\/uploads\/2024\/10\/1989_Taylors_Version_Icon.webp-768x490.png 768w\" sizes=\"(max-width: 800px) 100vw, 800px\" \/><\/figure><\/div>\n\n\n<p class=\"has-text-align-center has-white-color has-text-color\"><strong>1989 (Taylor&#8217;s Version)<\/strong> \u00e9 o <strong>quarto \u00e1lbum regravado<\/strong> de <strong>Taylor Swift<\/strong>, lan\u00e7ado em<strong> 27 de outubro de 2023<\/strong>, pelo selo da gravadora Republic Records.<\/p>\n\n\n\n<p class=\"has-text-align-center has-white-color has-text-color\"><a href=\"#sobre\">Ir para o conte\u00fado<\/a><\/p>\n<\/div><\/div>\n\n\n\n<div class=\"wp-block-cover is-light\"><span aria-hidden=\"true\" class=\"wp-block-cover__background has-background-dim-40 has-background-dim\" style=\"background-color:#211c18\"><\/span><img loading=\"lazy\" decoding=\"async\" width=\"1500\" height=\"800\" class=\"wp-block-cover__image-background wp-image-17\" alt=\"\" src=\"https:\/\/1989tv.taylorswift.com.br\/wp-content\/uploads\/2024\/10\/banner-secundario.png\" data-object-fit=\"cover\" srcset=\"https:\/\/1989tv.taylorswift.com.br\/wp-content\/uploads\/2024\/10\/banner-secundario.png 1500w, https:\/\/1989tv.taylorswift.com.br\/wp-content\/uploads\/2024\/10\/banner-secundario-300x160.png 300w, https:\/\/1989tv.taylorswift.com.br\/wp-content\/uploads\/2024\/10\/banner-secundario-1024x546.png 1024w, https:\/\/1989tv.taylorswift.com.br\/wp-content\/uploads\/2024\/10\/banner-secundario-768x410.png 768w\" sizes=\"(max-width: 1500px) 100vw, 1500px\" \/><div class=\"wp-block-cover__inner-container is-layout-constrained wp-block-cover-is-layout-constrained\">\n<p class=\"has-text-align-center has-white-color has-text-color\" id=\"sobre\" style=\"font-size:17px\"><em>\u201cEsse momento \u00e9 uma reflex\u00e3o das florestas pelas quais andamos e todo o amor entre n\u00f3s ainda brilhando mesmo no mais escuro dos escuros.\u201d<\/em><\/p>\n<\/div><\/div>\n\n\n\n<div class=\"wp-block-cover has-parallax wp-duotone-unset-2\"><span aria-hidden=\"true\" class=\"wp-block-cover__background has-black-background-color has-background-dim-30 has-background-dim\"><\/span><div class=\"wp-block-cover__image-background wp-image-21 has-parallax\" style=\"background-position:50% 50%;background-image:url(https:\/\/1989tv.taylorswift.com.br\/wp-content\/uploads\/2024\/10\/banner-anuncio.png)\"><\/div><div class=\"wp-block-cover__inner-container is-layout-flow wp-block-cover-is-layout-flow\">\n<h1 class=\"wp-block-heading has-text-align-center has-white-color has-text-color has-link-color has-medium-font-size wp-elements-b0b7d858db979e27a9b79edccd5efe69\"><a href=\"https:\/\/1989tv.taylorswift.com.br\/?page_id=22\" data-type=\"page\" data-id=\"62\">An\u00fancio<\/a><\/h1>\n<\/div><\/div>\n\n\n\n<div class=\"wp-block-cover has-parallax wp-duotone-unset-3\"><span aria-hidden=\"true\" class=\"wp-block-cover__background has-black-background-color has-background-dim-30 has-background-dim\"><\/span><div class=\"wp-block-cover__image-background wp-image-32 has-parallax\" style=\"background-position:50% 50%;background-image:url(https:\/\/1989tv.taylorswift.com.br\/wp-content\/uploads\/2024\/10\/processo-de-regravacao-principal.png)\"><\/div><div class=\"wp-block-cover__inner-container is-layout-flow wp-block-cover-is-layout-flow\">\n<h1 class=\"wp-block-heading has-text-align-center has-white-color has-text-color has-link-color has-medium-font-size wp-elements-c282ae0eb17223cb1705e147d4c93a80\"><a href=\"https:\/\/1989tv.taylorswift.com.br\/?page_id=29\" data-type=\"page\" data-id=\"62\">Entenda o processo de regrava\u00e7\u00f5es<\/a><\/h1>\n<\/div><\/div>\n\n\n\n<div class=\"wp-block-cover has-parallax wp-duotone-unset-4\"><span aria-hidden=\"true\" class=\"wp-block-cover__background has-black-background-color has-background-dim-30 has-background-dim\"><\/span><div class=\"wp-block-cover__image-background wp-image-35 has-parallax\" style=\"background-position:50% 50%;background-image:url(https:\/\/1989tv.taylorswift.com.br\/wp-content\/uploads\/2024\/10\/taylors-version.png)\"><\/div><div class=\"wp-block-cover__inner-container is-layout-flow wp-block-cover-is-layout-flow\">\n<h1 class=\"wp-block-heading has-text-align-center has-white-color has-text-color has-link-color has-medium-font-size wp-elements-f62c29827657c401c975a4b4deaa775d\"><a href=\"https:\/\/1989tv.taylorswift.com.br\/?page_id=34\" data-type=\"page\" data-id=\"62\">Por que &#8220;Taylor&#8217;s Version&#8221;?<\/a><\/h1>\n<\/div><\/div>\n\n\n\n<div class=\"wp-block-cover has-parallax wp-duotone-unset-5\"><span aria-hidden=\"true\" class=\"wp-block-cover__background has-black-background-color has-background-dim-30 has-background-dim\"><\/span><div class=\"wp-block-cover__image-background wp-image-115 has-parallax\" style=\"background-position:50% 50%;background-image:url(https:\/\/1989tv.taylorswift.com.br\/wp-content\/uploads\/2024\/10\/banner-EDICOES-1.png)\"><\/div><div class=\"wp-block-cover__inner-container is-layout-flow wp-block-cover-is-layout-flow\">\n<h1 class=\"wp-block-heading has-text-align-center has-white-color has-text-color has-link-color has-medium-font-size wp-elements-ddfd7cf4c17283bd107ac61e9a30e7dc\"><a href=\"https:\/\/1989tv.taylorswift.com.br\/?page_id=41\" data-type=\"page\" data-id=\"62\">Edi\u00e7\u00f5es<\/a><\/h1>\n<\/div><\/div>\n\n\n\n<div class=\"wp-block-cover has-parallax wp-duotone-unset-6\"><span aria-hidden=\"true\" class=\"wp-block-cover__background has-black-background-color has-background-dim-30 has-background-dim\"><\/span><div class=\"wp-block-cover__image-background wp-image-119 has-parallax\" style=\"background-position:50% 50%;background-image:url(https:\/\/1989tv.taylorswift.com.br\/wp-content\/uploads\/2024\/10\/banner-FTV-2.png)\"><\/div><div class=\"wp-block-cover__inner-container is-layout-flow wp-block-cover-is-layout-flow\">\n<h1 class=\"wp-block-heading has-text-align-center has-white-color has-text-color has-link-color has-medium-font-size wp-elements-01ffd5eae4526d16f30caba89a8605f9\"><a href=\"https:\/\/1989tv.taylorswift.com.br\/?page_id=117\" data-type=\"page\" data-id=\"62\">Por que &#8220;From The Vault&#8221;?<\/a><\/h1>\n<\/div><\/div>\n\n\n\n<div class=\"wp-block-cover has-parallax wp-duotone-unset-7\"><span aria-hidden=\"true\" class=\"wp-block-cover__background has-black-background-color has-background-dim-30 has-background-dim\"><\/span><div class=\"wp-block-cover__image-background wp-image-126 has-parallax\" style=\"background-position:50% 50%;background-image:url(http:\/\/1989tv.taylorswift.com.br\/wp-content\/uploads\/2024\/10\/banner-prologo-2.png)\"><\/div><div class=\"wp-block-cover__inner-container is-layout-flow wp-block-cover-is-layout-flow\">\n<h1 class=\"wp-block-heading has-text-align-center has-white-color has-text-color has-link-color has-medium-font-size wp-elements-802436d084a629ce8ffde23e05dae19b\"><a href=\"https:\/\/1989tv.taylorswift.com.br\/?page_id=123\" data-type=\"page\" data-id=\"62\">Pr\u00f3logo<\/a><\/h1>\n<\/div><\/div>\n\n\n\n<div class=\"wp-block-cover is-light has-parallax wp-duotone-unset-8\"><span aria-hidden=\"true\" class=\"wp-block-cover__background has-black-background-color has-background-dim-30 has-background-dim\"><\/span><div class=\"wp-block-cover__image-background wp-image-132 has-parallax\" style=\"background-position:50% 50%;background-image:url(https:\/\/1989tv.taylorswift.com.br\/wp-content\/uploads\/2024\/10\/banner-letras-e-traducoes-2.png)\"><\/div><div class=\"wp-block-cover__inner-container is-layout-flow wp-block-cover-is-layout-flow\">\n<h1 class=\"wp-block-heading has-text-align-center has-white-color has-text-color has-link-color has-medium-font-size wp-elements-e2d08bda3852689eb5cdbea2c805892f\"><a href=\"https:\/\/1989tv.taylorswift.com.br\/?page_id=129\" data-type=\"page\" data-id=\"62\">Letras e Tradu\u00e7\u00f5es<\/a><\/h1>\n<\/div><\/div>\n\n\n\n<div class=\"wp-block-cover has-parallax wp-duotone-unset-9\"><span aria-hidden=\"true\" class=\"wp-block-cover__background has-black-background-color has-background-dim-30 has-background-dim\"><\/span><div class=\"wp-block-cover__image-background wp-image-136 has-parallax\" style=\"background-position:50% 50%;background-image:url(https:\/\/1989tv.taylorswift.com.br\/wp-content\/uploads\/2024\/10\/banner-desempenho-1.png)\"><\/div><div class=\"wp-block-cover__inner-container is-layout-flow wp-block-cover-is-layout-flow\">\n<h1 class=\"wp-block-heading has-text-align-center has-white-color has-text-color has-link-color has-medium-font-size wp-elements-835ba6b1d089420e24436efe463b3073\"><a href=\"https:\/\/1989tv.taylorswift.com.br\/?page_id=135\" data-type=\"page\" data-id=\"62\">Cr\u00edtica e Desempenho<\/a><\/h1>\n<\/div><\/div>\n\n\n\n<div class=\"wp-block-cover is-light has-parallax wp-duotone-unset-10\"><span aria-hidden=\"true\" class=\"wp-block-cover__background has-black-background-color has-background-dim-30 has-background-dim\"><\/span><div class=\"wp-block-cover__image-background wp-image-172 has-parallax\" style=\"background-position:50% 50%;background-image:url(https:\/\/1989tv.taylorswift.com.br\/wp-content\/uploads\/2024\/10\/banner-producao-1.png)\"><\/div><div class=\"wp-block-cover__inner-container is-layout-flow wp-block-cover-is-layout-flow\">\n<h1 class=\"wp-block-heading has-text-align-center has-white-color has-text-color has-link-color has-medium-font-size wp-elements-283b088399bd01ea3ee6cb4988d1503a\"><a href=\"https:\/\/1989tv.taylorswift.com.br\/?page_id=159\" data-type=\"page\" data-id=\"62\">Produ\u00e7\u00e3o e Composi\u00e7\u00e3o<\/a><\/h1>\n<\/div><\/div>\n\n\n\n<div class=\"wp-block-cover has-parallax wp-duotone-unset-11\"><span aria-hidden=\"true\" class=\"wp-block-cover__background has-black-background-color has-background-dim-30 has-background-dim\"><\/span><div class=\"wp-block-cover__image-background wp-image-191 has-parallax\" style=\"background-position:50% 50%;background-image:url(https:\/\/1989tv.taylorswift.com.br\/wp-content\/uploads\/2024\/10\/banner-encartes-2.png)\"><\/div><div class=\"wp-block-cover__inner-container is-layout-flow wp-block-cover-is-layout-flow\">\n<h1 class=\"wp-block-heading has-text-align-center has-white-color has-text-color has-link-color has-medium-font-size wp-elements-22a8dbb461e98a45282e98fa2ec3f810\"><a href=\"https:\/\/1989tv.taylorswift.com.br\/?page_id=181\" data-type=\"page\" data-id=\"62\">Encarte e Ensaio<\/a><\/h1>\n<\/div><\/div>\n\n\n\n<div class=\"wp-block-cover has-parallax wp-duotone-unset-12\"><span aria-hidden=\"true\" class=\"wp-block-cover__background has-black-background-color has-background-dim-30 has-background-dim\"><\/span><div class=\"wp-block-cover__image-background wp-image-199 has-parallax\" style=\"background-position:50% 50%;background-image:url(https:\/\/1989tv.taylorswift.com.br\/wp-content\/uploads\/2024\/10\/banner-singles-2.png)\"><\/div><div class=\"wp-block-cover__inner-container is-layout-flow wp-block-cover-is-layout-flow\">\n<h1 class=\"wp-block-heading has-text-align-center has-white-color has-text-color has-link-color has-medium-font-size wp-elements-0de0d9a3e3fc14b476b78a08c6cbb0f0\"><a href=\"https:\/\/1989tv.taylorswift.com.br\/?page_id=193\" data-type=\"page\" data-id=\"62\">Singles<\/a><\/h1>\n<\/div><\/div>\n","protected":false},"excerpt":{"rendered":"","protected":false},"author":1,"featured_media":0,"parent":0,"menu_order":0,"comment_status":"closed","ping_status":"closed","template":"page-paginainicial.php","meta":{"footnotes":""},"class_list":["post-11","page","type-page","status-publish","hentry"],"_links":{"self":[{"href":"https:\/\/1989tv.taylorswift.com.br\/index.php?rest_route=\/wp\/v2\/pages\/11"}],"collection":[{"href":"https:\/\/1989tv.taylorswift.com.br\/index.php?rest_route=\/wp\/v2\/pages"}],"about":[{"href":"https:\/\/1989tv.taylorswift.com.br\/index.php?rest_route=\/wp\/v2\/types\/page"}],"author":[{"embeddable":true,"href":"https:\/\/1989tv.taylorswift.com.br\/index.php?rest_route=\/wp\/v2\/users\/1"}],"replies":[{"embeddable":true,"href":"https:\/\/1989tv.taylorswift.com.br\/index.php?rest_route=%2Fwp%2Fv2%2Fcomments&post=11"}],"version-history":[{"count":17,"href":"https:\/\/1989tv.taylorswift.com.br\/index.php?rest_route=\/wp\/v2\/pages\/11\/revisions"}],"predecessor-version":[{"id":200,"href":"https:\/\/1989tv.taylorswift.com.br\/index.php?rest_route=\/wp\/v2\/pages\/11\/revisions\/200"}],"wp:attachment":[{"href":"https:\/\/1989tv.taylorswift.com.br\/index.php?rest_route=%2Fwp%2Fv2%2Fmedia&parent=11"}],"curies":[{"name":"wp","href":"https:\/\/api.w.org\/{rel}","templated":true}]}}